{"id":4631,"date":"2026-05-07T12:44:47","date_gmt":"2026-05-07T10:44:47","guid":{"rendered":"https:\/\/www.obeczubri.cz\/hasici\/?page_id=4631"},"modified":"2026-05-07T12:45:41","modified_gmt":"2026-05-07T10:45:41","slug":"fotogalerie-soptik","status":"publish","type":"page","link":"https:\/\/www.obeczubri.cz\/hasici\/fotogalerie-soptik\/","title":{"rendered":"Fotogalerie Sopt\u00edk"},"content":{"rendered":"\t\t<div data-elementor-type=\"wp-page\" data-elementor-id=\"4631\" class=\"elementor elementor-4631\">\n\t\t\t\t\t\t<section class=\"elementor-section elementor-top-section elementor-element elementor-element-15fa9ef3 portfolio-details-area elementor-section-boxed elementor-section-height-default elementor-section-height-default\" data-id=\"15fa9ef3\" data-element_type=\"section\" data-e-type=\"section\">\n\t\t\t\t\t\t<div class=\"elementor-container elementor-column-gap-default\">\n\t\t\t\t\t<div class=\"elementor-column elementor-col-100 elementor-top-column elementor-element elementor-element-68aab211 portfolio-details-content\" data-id=\"68aab211\" data-element_type=\"column\" data-e-type=\"column\">\n\t\t\t<div class=\"elementor-widget-wrap elementor-element-populated\">\n\t\t\t\t\t\t<div class=\"elementor-element elementor-element-3de6050 elementor-widget elementor-widget-charite-blog-widget\" data-id=\"3de6050\" data-element_type=\"widget\" data-e-type=\"widget\" data-widget_type=\"charite-blog-widget.default\">\n\t\t\t\t<div class=\"elementor-widget-container\">\n\t\t\t\t\t\r\n    <div class=\"blog-area pt-120 pb-90 rel z-1\">\r\n        <div class=\"container\">\r\n                            <div class=\"row justify-content-center\">\r\n                    <div class=\"col-xl-x col-lg-8 col-md-10\">\r\n                        <div class=\"section-title text-center mb-60\">\r\n                                                                                                            <\/div>\r\n                    <\/div>\r\n                <\/div>\r\n                        <div class=\"row justify-content-center\">\r\n                                                    <div class=\"col-xl-4 col-md-6\">\r\n                        <div class=\"blog-item\">\r\n                                                            <div class=\"blog-item__img\">\r\n                                    <img fetchpriority=\"high\" decoding=\"async\" width=\"356\" height=\"267\" src=\"https:\/\/www.obeczubri.cz\/hasici\/wp-content\/uploads\/2015\/09\/121010124408-P9304451.jpg\" class=\"attachment-charite_blog__416X267 size-charite_blog__416X267 wp-post-image\" alt=\"\" srcset=\"https:\/\/www.obeczubri.cz\/hasici\/wp-content\/uploads\/2015\/09\/121010124408-P9304451.jpg 547w, https:\/\/www.obeczubri.cz\/hasici\/wp-content\/uploads\/2015\/09\/121010124408-P9304451-300x225.jpg 300w, https:\/\/www.obeczubri.cz\/hasici\/wp-content\/uploads\/2015\/09\/121010124408-P9304451-200x150.jpg 200w, https:\/\/www.obeczubri.cz\/hasici\/wp-content\/uploads\/2015\/09\/121010124408-P9304451-150x112.jpg 150w, https:\/\/www.obeczubri.cz\/hasici\/wp-content\/uploads\/2015\/09\/121010124408-P9304451-280x210.jpg 280w\" sizes=\"(max-width: 356px) 100vw, 356px\" \/>                                    <div class=\"post-date\">\r\n                                        <b>10<\/b>\r\n                                        <span>\u0158\u00edj<\/span>\r\n                                    <\/div>\r\n                                <\/div>\r\n                                                        <div class=\"blog-item__content\">\r\n                                <ul class=\"blog-meta\">\r\n                                    <li><span class=\"byline\"> <span class=\"author vcard\"><i aria-hidden=\"true\" class=\"flaticon-user\"><\/i><a class=\"url fn n\" href=\"https:\/\/www.obeczubri.cz\/hasici\/author\/lukes\/\">Jan Luke\u0161<\/a><\/span><\/span><\/li>\r\n                                    <li><i class=\"flaticon-bubble-chat\"><\/i><span>Koment\u00e1\u0159e nejsou povolen\u00e9<span class=\"screen-reader-text\"> u textu s n\u00e1zvem Fin\u00e1le Zub\u0159\u00ed<\/span><\/span><\/li>\r\n                                <\/ul>\r\n                                <h4><a href=\"https:\/\/www.obeczubri.cz\/hasici\/2012\/10\/10\/finale-zubri\/\">Fin\u00e1le Zub\u0159\u00ed<\/a><\/h4>\r\n                                <p>\r\n                                                                    <\/p>\r\n                                <a href=\"https:\/\/www.obeczubri.cz\/hasici\/2012\/10\/10\/finale-zubri\/\" class=\"read-more\">\u010c\u00edst v\u00edce<\/a>\r\n                            <\/div>\r\n                        <\/div>\r\n                    <\/div>\r\n                                    <div class=\"col-xl-4 col-md-6\">\r\n                        <div class=\"blog-item\">\r\n                                                            <div class=\"blog-item__img\">\r\n                                    <img decoding=\"async\" width=\"356\" height=\"267\" src=\"https:\/\/www.obeczubri.cz\/hasici\/wp-content\/uploads\/2015\/09\/121010132910-P1040551.jpg\" class=\"attachment-charite_blog__416X267 size-charite_blog__416X267 wp-post-image\" alt=\"\" srcset=\"https:\/\/www.obeczubri.cz\/hasici\/wp-content\/uploads\/2015\/09\/121010132910-P1040551.jpg 563w, https:\/\/www.obeczubri.cz\/hasici\/wp-content\/uploads\/2015\/09\/121010132910-P1040551-300x225.jpg 300w, https:\/\/www.obeczubri.cz\/hasici\/wp-content\/uploads\/2015\/09\/121010132910-P1040551-200x150.jpg 200w, https:\/\/www.obeczubri.cz\/hasici\/wp-content\/uploads\/2015\/09\/121010132910-P1040551-150x112.jpg 150w, https:\/\/www.obeczubri.cz\/hasici\/wp-content\/uploads\/2015\/09\/121010132910-P1040551-280x210.jpg 280w\" sizes=\"(max-width: 356px) 100vw, 356px\" \/>                                    <div class=\"post-date\">\r\n                                        <b>10<\/b>\r\n                                        <span>\u0158\u00edj<\/span>\r\n                                    <\/div>\r\n                                <\/div>\r\n                                                        <div class=\"blog-item__content\">\r\n                                <ul class=\"blog-meta\">\r\n                                    <li><span class=\"byline\"> <span class=\"author vcard\"><i aria-hidden=\"true\" class=\"flaticon-user\"><\/i><a class=\"url fn n\" href=\"https:\/\/www.obeczubri.cz\/hasici\/author\/petra\/\">Petra Svobodov\u00e1<\/a><\/span><\/span><\/li>\r\n                                    <li><i class=\"flaticon-bubble-chat\"><\/i><span>Koment\u00e1\u0159e nejsou povolen\u00e9<span class=\"screen-reader-text\"> u textu s n\u00e1zvem Sopt\u00edk &#8211; Dlouh\u00e9 2012<\/span><\/span><\/li>\r\n                                <\/ul>\r\n                                <h4><a href=\"https:\/\/www.obeczubri.cz\/hasici\/2012\/10\/10\/soptik-dlouhe-2012\/\">Sopt\u00edk &#8211; Dlouh\u00e9 2012<\/a><\/h4>\r\n                                <p>\r\n                                                                    <\/p>\r\n                                <a href=\"https:\/\/www.obeczubri.cz\/hasici\/2012\/10\/10\/soptik-dlouhe-2012\/\" class=\"read-more\">\u010c\u00edst v\u00edce<\/a>\r\n                            <\/div>\r\n                        <\/div>\r\n                    <\/div>\r\n                                    <div class=\"col-xl-4 col-md-6\">\r\n                        <div class=\"blog-item\">\r\n                                                            <div class=\"blog-item__img\">\r\n                                    <img decoding=\"async\" width=\"356\" height=\"267\" src=\"https:\/\/www.obeczubri.cz\/hasici\/wp-content\/uploads\/2015\/09\/120603192726-sopt\u00edk-K\u0159\u00eddla-2012-32.jpg\" class=\"attachment-charite_blog__416X267 size-charite_blog__416X267 wp-post-image\" alt=\"\" srcset=\"https:\/\/www.obeczubri.cz\/hasici\/wp-content\/uploads\/2015\/09\/120603192726-sopt\u00edk-K\u0159\u00eddla-2012-32.jpg 666w, https:\/\/www.obeczubri.cz\/hasici\/wp-content\/uploads\/2015\/09\/120603192726-sopt\u00edk-K\u0159\u00eddla-2012-32-300x225.jpg 300w, https:\/\/www.obeczubri.cz\/hasici\/wp-content\/uploads\/2015\/09\/120603192726-sopt\u00edk-K\u0159\u00eddla-2012-32-200x150.jpg 200w, https:\/\/www.obeczubri.cz\/hasici\/wp-content\/uploads\/2015\/09\/120603192726-sopt\u00edk-K\u0159\u00eddla-2012-32-150x113.jpg 150w, https:\/\/www.obeczubri.cz\/hasici\/wp-content\/uploads\/2015\/09\/120603192726-sopt\u00edk-K\u0159\u00eddla-2012-32-280x210.jpg 280w\" sizes=\"(max-width: 356px) 100vw, 356px\" \/>                                    <div class=\"post-date\">\r\n                                        <b>10<\/b>\r\n                                        <span>Z\u00e1\u0159<\/span>\r\n                                    <\/div>\r\n                                <\/div>\r\n                                                        <div class=\"blog-item__content\">\r\n                                <ul class=\"blog-meta\">\r\n                                    <li><span class=\"byline\"> <span class=\"author vcard\"><i aria-hidden=\"true\" class=\"flaticon-user\"><\/i><a class=\"url fn n\" href=\"https:\/\/www.obeczubri.cz\/hasici\/author\/petra\/\">Petra Svobodov\u00e1<\/a><\/span><\/span><\/li>\r\n                                    <li><i class=\"flaticon-bubble-chat\"><\/i><span>Koment\u00e1\u0159e nejsou povolen\u00e9<span class=\"screen-reader-text\"> u textu s n\u00e1zvem Sopt\u00edk &#8211; K\u0159\u00eddla 2012<\/span><\/span><\/li>\r\n                                <\/ul>\r\n                                <h4><a href=\"https:\/\/www.obeczubri.cz\/hasici\/2012\/09\/10\/soptik-kridla-2012-2\/\">Sopt\u00edk &#8211; K\u0159\u00eddla 2012<\/a><\/h4>\r\n                                <p>\r\n                                                                    <\/p>\r\n                                <a href=\"https:\/\/www.obeczubri.cz\/hasici\/2012\/09\/10\/soptik-kridla-2012-2\/\" class=\"read-more\">\u010c\u00edst v\u00edce<\/a>\r\n                            <\/div>\r\n                        <\/div>\r\n                    <\/div>\r\n                                \r\n            <\/div>\r\n                            <div class=\"pagination pt-20\">\r\n                                    <\/div>\r\n                    <\/div>\r\n            <\/div>\r\n\t\t\t\t<\/div>\n\t\t\t\t<\/div>\n\t\t\t\t\t<\/div>\n\t\t<\/div>\n\t\t\t\t\t<\/div>\n\t\t<\/section>\n\t\t\t\t<\/div>\n\t\t","protected":false},"excerpt":{"rendered":"<p>10 \u0158\u00edj Jan Luke\u0161 Koment\u00e1\u0159e nejsou povolen\u00e9 u textu s n\u00e1zvem Fin\u00e1le Zub\u0159\u00ed Fin\u00e1le Zub\u0159\u00ed \u010c\u00edst v\u00edce 10 \u0158\u00edj Petra Svobodov\u00e1 Koment\u00e1\u0159e nejsou povolen\u00e9 u textu s n\u00e1zvem Sopt\u00edk &#8211; Dlouh\u00e9 2012 Sopt\u00edk &#8211; Dlouh\u00e9 2012 \u010c\u00edst v\u00edce 10 Z\u00e1\u0159 Petra Svobodov\u00e1 Koment\u00e1\u0159e nejsou povolen\u00e9 u textu s n\u00e1zvem Sopt\u00edk &#8211; K\u0159\u00eddla 2012 Sopt\u00edk &#8211; [&hellip;]<\/p>\n","protected":false},"author":1,"featured_media":0,"parent":0,"menu_order":0,"comment_status":"closed","ping_status":"closed","template":"elementor_header_footer","meta":{"footnotes":""},"class_list":["post-4631","page","type-page","status-publish","hentry"],"jetpack_sharing_enabled":true,"jetpack_shortlink":"https:\/\/wp.me\/P91NNl-1cH","_links":{"self":[{"href":"https:\/\/www.obeczubri.cz\/hasici\/wp-json\/wp\/v2\/pages\/4631","targetHints":{"allow":["GET"]}}],"collection":[{"href":"https:\/\/www.obeczubri.cz\/hasici\/wp-json\/wp\/v2\/pages"}],"about":[{"href":"https:\/\/www.obeczubri.cz\/hasici\/wp-json\/wp\/v2\/types\/page"}],"author":[{"embeddable":true,"href":"https:\/\/www.obeczubri.cz\/hasici\/wp-json\/wp\/v2\/users\/1"}],"replies":[{"embeddable":true,"href":"https:\/\/www.obeczubri.cz\/hasici\/wp-json\/wp\/v2\/comments?post=4631"}],"version-history":[{"count":4,"href":"https:\/\/www.obeczubri.cz\/hasici\/wp-json\/wp\/v2\/pages\/4631\/revisions"}],"predecessor-version":[{"id":4635,"href":"https:\/\/www.obeczubri.cz\/hasici\/wp-json\/wp\/v2\/pages\/4631\/revisions\/4635"}],"wp:attachment":[{"href":"https:\/\/www.obeczubri.cz\/hasici\/wp-json\/wp\/v2\/media?parent=4631"}],"curies":[{"name":"wp","href":"https:\/\/api.w.org\/{rel}","templated":true}]}}