{"id":31,"date":"2023-07-26T15:59:17","date_gmt":"2023-07-26T15:59:17","guid":{"rendered":"https:\/\/charite.solverwp.com\/?page_id=31"},"modified":"2026-04-27T15:17:23","modified_gmt":"2026-04-27T13:17:23","slug":"events","status":"publish","type":"page","link":"https:\/\/www.obeczubri.cz\/hasici\/events\/","title":{"rendered":"Events"},"content":{"rendered":"\t\t<div data-elementor-type=\"wp-page\" data-elementor-id=\"31\" class=\"elementor elementor-31\">\n\t\t\t\t\t\t<section class=\"elementor-section elementor-top-section elementor-element elementor-element-766dbe1 elementor-section-full_width elementor-section-height-default elementor-section-height-default\" data-id=\"766dbe1\" data-element_type=\"section\" data-e-type=\"section\">\n\t\t\t\t\t\t<div class=\"elementor-container elementor-column-gap-no\">\n\t\t\t\t\t<div class=\"elementor-column elementor-col-100 elementor-top-column elementor-element elementor-element-c187002\" data-id=\"c187002\" data-element_type=\"column\" data-e-type=\"column\">\n\t\t\t<div class=\"elementor-widget-wrap elementor-element-populated\">\n\t\t\t\t\t\t<div class=\"elementor-element elementor-element-e13d361 elementor-widget elementor-widget-charite-event-widget\" data-id=\"e13d361\" data-element_type=\"widget\" data-e-type=\"widget\" data-widget_type=\"charite-event-widget.default\">\n\t\t\t\t<div class=\"elementor-widget-container\">\n\t\t\t\t\t    <div class=\"our-events-page py-120 rel z-1\">\r\n        <div class=\"container\">\r\n            <div class=\"row justify-content-center\">\r\n\r\n                                        <div class=\"col-xl-4 col-md-6\">\r\n                            <div class=\"event-item-three item--1\">\r\n                                <div class=\"image\">\r\n                                    <img fetchpriority=\"high\" decoding=\"async\" width=\"373\" height=\"240\" src=\"https:\/\/www.obeczubri.cz\/hasici\/wp-content\/uploads\/2023\/07\/event-three6-373x240.jpg\" class=\"attachment-charite_event_373X240 size-charite_event_373X240 wp-post-image\" alt=\"event-three6\" srcset=\"https:\/\/www.obeczubri.cz\/hasici\/wp-content\/uploads\/2023\/07\/event-three6-373x240.jpg 373w, https:\/\/www.obeczubri.cz\/hasici\/wp-content\/uploads\/2023\/07\/event-three6-300x193.jpg 300w, https:\/\/www.obeczubri.cz\/hasici\/wp-content\/uploads\/2023\/07\/event-three6.jpg 376w\" sizes=\"(max-width: 373px) 100vw, 373px\" \/>                                <\/div>\r\n                                <div class=\"content\">\r\n                                    <h4><a href=\"https:\/\/www.obeczubri.cz\/hasici\/event\/giving-hand\/\">Giving Hand<\/a><\/h4>\r\n                                    <ul class=\"blog-meta\">\r\n                                        <li><i class=\"fas fa-clock\"><\/i> <a href=\"#\">28.7.2023<\/a><\/li>\r\n                                        <li><i class=\"fas fa-map-marker-alt\"><\/i> <a href=\"#\">Melbourne City<\/a><\/li>\r\n                                    <\/ul>\r\n                                    <p>Clean Water Event Phasellus eros orci, ornare ut ipsum quis, fringilla facilisis dui.<\/p>\r\n                                    <a class=\"event-btn\" href=\"https:\/\/www.obeczubri.cz\/hasici\/event\/giving-hand\/\">Pokra\u010dovat ve \u010dten\u00ed<i class=\"flaticon-chevron\"><\/i><\/a>\r\n                                <\/div>\r\n                            <\/div>\r\n                        <\/div>\r\n                                        <div class=\"col-xl-4 col-md-6\">\r\n                            <div class=\"event-item-three item--2\">\r\n                                <div class=\"image\">\r\n                                    <img decoding=\"async\" width=\"373\" height=\"240\" src=\"https:\/\/www.obeczubri.cz\/hasici\/wp-content\/uploads\/2023\/07\/event1-373x240.jpg\" class=\"attachment-charite_event_373X240 size-charite_event_373X240 wp-post-image\" alt=\"event1\" srcset=\"https:\/\/www.obeczubri.cz\/hasici\/wp-content\/uploads\/2023\/07\/event1-373x240.jpg 373w, https:\/\/www.obeczubri.cz\/hasici\/wp-content\/uploads\/2023\/07\/event1-388x250.jpg 388w, https:\/\/www.obeczubri.cz\/hasici\/wp-content\/uploads\/2023\/07\/event1-416x267.jpg 416w\" sizes=\"(max-width: 373px) 100vw, 373px\" \/>                                <\/div>\r\n                                <div class=\"content\">\r\n                                    <h4><a href=\"https:\/\/www.obeczubri.cz\/hasici\/event\/adopt-a-orphan-child\/\">Adopt a Orphan Child<\/a><\/h4>\r\n                                    <ul class=\"blog-meta\">\r\n                                        <li><i class=\"fas fa-clock\"><\/i> <a href=\"#\">28.7.2023<\/a><\/li>\r\n                                        <li><i class=\"fas fa-map-marker-alt\"><\/i> <a href=\"#\">Melbourne City<\/a><\/li>\r\n                                    <\/ul>\r\n                                    <p>Adopt A Orphan Child Phasellus eros orci, ornare ut ipsum quis, fringilla facilisis<\/p>\r\n                                    <a class=\"event-btn\" href=\"https:\/\/www.obeczubri.cz\/hasici\/event\/adopt-a-orphan-child\/\">Pokra\u010dovat ve \u010dten\u00ed<i class=\"flaticon-chevron\"><\/i><\/a>\r\n                                <\/div>\r\n                            <\/div>\r\n                        <\/div>\r\n                                        <div class=\"col-xl-4 col-md-6\">\r\n                            <div class=\"event-item-three item--3\">\r\n                                <div class=\"image\">\r\n                                    <img decoding=\"async\" width=\"373\" height=\"240\" src=\"https:\/\/www.obeczubri.cz\/hasici\/wp-content\/uploads\/2023\/07\/event2-373x240.jpg\" class=\"attachment-charite_event_373X240 size-charite_event_373X240 wp-post-image\" alt=\"event2\" srcset=\"https:\/\/www.obeczubri.cz\/hasici\/wp-content\/uploads\/2023\/07\/event2-373x240.jpg 373w, https:\/\/www.obeczubri.cz\/hasici\/wp-content\/uploads\/2023\/07\/event2-388x250.jpg 388w, https:\/\/www.obeczubri.cz\/hasici\/wp-content\/uploads\/2023\/07\/event2-416x267.jpg 416w\" sizes=\"(max-width: 373px) 100vw, 373px\" \/>                                <\/div>\r\n                                <div class=\"content\">\r\n                                    <h4><a href=\"https:\/\/www.obeczubri.cz\/hasici\/event\/food-for-hunger\/\">Food For Hunger<\/a><\/h4>\r\n                                    <ul class=\"blog-meta\">\r\n                                        <li><i class=\"fas fa-clock\"><\/i> <a href=\"#\">28.7.2023<\/a><\/li>\r\n                                        <li><i class=\"fas fa-map-marker-alt\"><\/i> <a href=\"#\">Melbourne City<\/a><\/li>\r\n                                    <\/ul>\r\n                                    <p>Food For Hunger Phasellus eros orci, ornare ut ipsum quis, fringilla facilisis dui.<\/p>\r\n                                    <a class=\"event-btn\" href=\"https:\/\/www.obeczubri.cz\/hasici\/event\/food-for-hunger\/\">Pokra\u010dovat ve \u010dten\u00ed<i class=\"flaticon-chevron\"><\/i><\/a>\r\n                                <\/div>\r\n                            <\/div>\r\n                        <\/div>\r\n                                        <div class=\"col-xl-4 col-md-6\">\r\n                            <div class=\"event-item-three item--4\">\r\n                                <div class=\"image\">\r\n                                    <img loading=\"lazy\" decoding=\"async\" width=\"373\" height=\"240\" src=\"https:\/\/www.obeczubri.cz\/hasici\/wp-content\/uploads\/2023\/07\/event3-373x240.jpg\" class=\"attachment-charite_event_373X240 size-charite_event_373X240 wp-post-image\" alt=\"event3\" srcset=\"https:\/\/www.obeczubri.cz\/hasici\/wp-content\/uploads\/2023\/07\/event3-373x240.jpg 373w, https:\/\/www.obeczubri.cz\/hasici\/wp-content\/uploads\/2023\/07\/event3-388x250.jpg 388w, https:\/\/www.obeczubri.cz\/hasici\/wp-content\/uploads\/2023\/07\/event3-414x267.jpg 414w\" sizes=\"(max-width: 373px) 100vw, 373px\" \/>                                <\/div>\r\n                                <div class=\"content\">\r\n                                    <h4><a href=\"https:\/\/www.obeczubri.cz\/hasici\/event\/winter-help-event\/\">Winter Help Event<\/a><\/h4>\r\n                                    <ul class=\"blog-meta\">\r\n                                        <li><i class=\"fas fa-clock\"><\/i> <a href=\"#\">28.7.2023<\/a><\/li>\r\n                                        <li><i class=\"fas fa-map-marker-alt\"><\/i> <a href=\"#\">Melbourne City<\/a><\/li>\r\n                                    <\/ul>\r\n                                    <p>Winter Help EventPhasellus eros orci, ornare ut ipsum quis, fringilla facilisis dui. Nunc<\/p>\r\n                                    <a class=\"event-btn\" href=\"https:\/\/www.obeczubri.cz\/hasici\/event\/winter-help-event\/\">Pokra\u010dovat ve \u010dten\u00ed<i class=\"flaticon-chevron\"><\/i><\/a>\r\n                                <\/div>\r\n                            <\/div>\r\n                        <\/div>\r\n                                        <div class=\"col-xl-4 col-md-6\">\r\n                            <div class=\"event-item-three item--5\">\r\n                                <div class=\"image\">\r\n                                    <img loading=\"lazy\" decoding=\"async\" width=\"373\" height=\"240\" src=\"https:\/\/www.obeczubri.cz\/hasici\/wp-content\/uploads\/2023\/07\/event5-373x240.jpg\" class=\"attachment-charite_event_373X240 size-charite_event_373X240 wp-post-image\" alt=\"event5\" srcset=\"https:\/\/www.obeczubri.cz\/hasici\/wp-content\/uploads\/2023\/07\/event5-373x240.jpg 373w, https:\/\/www.obeczubri.cz\/hasici\/wp-content\/uploads\/2023\/07\/event5-388x250.jpg 388w, https:\/\/www.obeczubri.cz\/hasici\/wp-content\/uploads\/2023\/07\/event5-416x267.jpg 416w\" sizes=\"(max-width: 373px) 100vw, 373px\" \/>                                <\/div>\r\n                                <div class=\"content\">\r\n                                    <h4><a href=\"https:\/\/www.obeczubri.cz\/hasici\/event\/food-campaign\/\">Food Campaign<\/a><\/h4>\r\n                                    <ul class=\"blog-meta\">\r\n                                        <li><i class=\"fas fa-clock\"><\/i> <a href=\"#\">28.7.2023<\/a><\/li>\r\n                                        <li><i class=\"fas fa-map-marker-alt\"><\/i> <a href=\"#\">Melbourne City<\/a><\/li>\r\n                                    <\/ul>\r\n                                    <p>Food Campaign Phasellus eros orci, ornare ut ipsum quis, fringilla facilisis dui. Nunc<\/p>\r\n                                    <a class=\"event-btn\" href=\"https:\/\/www.obeczubri.cz\/hasici\/event\/food-campaign\/\">Pokra\u010dovat ve \u010dten\u00ed<i class=\"flaticon-chevron\"><\/i><\/a>\r\n                                <\/div>\r\n                            <\/div>\r\n                        <\/div>\r\n                                        <div class=\"col-xl-4 col-md-6\">\r\n                            <div class=\"event-item-three item--6\">\r\n                                <div class=\"image\">\r\n                                    <img loading=\"lazy\" decoding=\"async\" width=\"373\" height=\"240\" src=\"https:\/\/www.obeczubri.cz\/hasici\/wp-content\/uploads\/2023\/07\/event4-373x240.jpg\" class=\"attachment-charite_event_373X240 size-charite_event_373X240 wp-post-image\" alt=\"event4\" srcset=\"https:\/\/www.obeczubri.cz\/hasici\/wp-content\/uploads\/2023\/07\/event4-373x240.jpg 373w, https:\/\/www.obeczubri.cz\/hasici\/wp-content\/uploads\/2023\/07\/event4-388x250.jpg 388w, https:\/\/www.obeczubri.cz\/hasici\/wp-content\/uploads\/2023\/07\/event4-416x267.jpg 416w\" sizes=\"(max-width: 373px) 100vw, 373px\" \/>                                <\/div>\r\n                                <div class=\"content\">\r\n                                    <h4><a href=\"https:\/\/www.obeczubri.cz\/hasici\/event\/clean-water-event\/\">Clean Water Event<\/a><\/h4>\r\n                                    <ul class=\"blog-meta\">\r\n                                        <li><i class=\"fas fa-clock\"><\/i> <a href=\"#\">28.7.2023<\/a><\/li>\r\n                                        <li><i class=\"fas fa-map-marker-alt\"><\/i> <a href=\"#\">Melbourne City<\/a><\/li>\r\n                                    <\/ul>\r\n                                    <p>Clean Water Event Phasellus eros orci, ornare ut ipsum quis, fringilla facilisis dui.<\/p>\r\n                                    <a class=\"event-btn\" href=\"https:\/\/www.obeczubri.cz\/hasici\/event\/clean-water-event\/\">Pokra\u010dovat ve \u010dten\u00ed<i class=\"flaticon-chevron\"><\/i><\/a>\r\n                                <\/div>\r\n                            <\/div>\r\n                        <\/div>\r\n                            <\/div>\r\n\r\n                            <div class=\"pagination\">\r\n                    <span class=\"page-numbers current\">1<\/span>\n<a class=\"page-numbers\" href=\"https:\/\/www.obeczubri.cz\/hasici\/wp-json\/wp\/v2\/pages\/31\/page\/2\/\">2<\/a>\n<a class=\"next page-numbers\" href=\"https:\/\/www.obeczubri.cz\/hasici\/wp-json\/wp\/v2\/pages\/31\/page\/2\/\"><i class=\"fa fa-angle-right\"><\/i><\/a>                <\/div>\r\n                    <\/div>\r\n    <\/div>\r\n\r\n\t\t\t\t<\/div>\n\t\t\t\t<\/div>\n\t\t\t\t\t<\/div>\n\t\t<\/div>\n\t\t\t\t\t<\/div>\n\t\t<\/section>\n\t\t\t\t<\/div>\n\t\t","protected":false},"excerpt":{"rendered":"<p>Giving Hand July 28, 2023 Melbourne City Clean Water Event Phasellus eros orci, ornare ut ipsum quis, fringilla facilisis dui. Read more Adopt a Orphan Child July 28, 2023 Melbourne City Adopt A Orphan ChildPhasellus eros orci, ornare ut ipsum quis, fringilla facilisis dui. Read more Food For Hunger July 28, 2023 Melbourne City Food [&hellip;]<\/p>\n","protected":false},"author":1,"featured_media":0,"parent":0,"menu_order":0,"comment_status":"closed","ping_status":"closed","template":"elementor_header_footer","meta":{"jetpack_post_was_ever_published":false,"footnotes":""},"class_list":["post-31","page","type-page","status-publish","hentry"],"jetpack_sharing_enabled":true,"jetpack_shortlink":"https:\/\/wp.me\/P91NNl-v","_links":{"self":[{"href":"https:\/\/www.obeczubri.cz\/hasici\/wp-json\/wp\/v2\/pages\/31","targetHints":{"allow":["GET"]}}],"collection":[{"href":"https:\/\/www.obeczubri.cz\/hasici\/wp-json\/wp\/v2\/pages"}],"about":[{"href":"https:\/\/www.obeczubri.cz\/hasici\/wp-json\/wp\/v2\/types\/page"}],"author":[{"embeddable":true,"href":"https:\/\/www.obeczubri.cz\/hasici\/wp-json\/wp\/v2\/users\/1"}],"replies":[{"embeddable":true,"href":"https:\/\/www.obeczubri.cz\/hasici\/wp-json\/wp\/v2\/comments?post=31"}],"version-history":[{"count":1,"href":"https:\/\/www.obeczubri.cz\/hasici\/wp-json\/wp\/v2\/pages\/31\/revisions"}],"predecessor-version":[{"id":3493,"href":"https:\/\/www.obeczubri.cz\/hasici\/wp-json\/wp\/v2\/pages\/31\/revisions\/3493"}],"wp:attachment":[{"href":"https:\/\/www.obeczubri.cz\/hasici\/wp-json\/wp\/v2\/media?parent=31"}],"curies":[{"name":"wp","href":"https:\/\/api.w.org\/{rel}","templated":true}]}}