{"id":299,"date":"2015-08-27T15:51:26","date_gmt":"2015-08-27T13:51:26","guid":{"rendered":"http:\/\/www.obeczubri.cz\/hasici\/?page_id=299"},"modified":"2020-03-12T21:35:19","modified_gmt":"2020-03-12T19:35:19","slug":"predstavenstvo-sboru","status":"publish","type":"page","link":"https:\/\/www.obeczubri.cz\/hasici\/predstavenstvo-sboru\/","title":{"rendered":"P\u0159edstavenstvo sboru"},"content":{"rendered":"  <style>\n            #dwl-team-wrapper-69eb942eca216 .team-member-socials a {\n          background-color: #4258d6;\n      }\n      #dwl-team-wrapper-69eb942eca216 .team-member-other-info .fas {\n          color: #4258d6;\n      }\n      \n        <\/style>\n\n  <div id=\"dwl-team-wrapper-69eb942eca216\" class=\"dwl-team-wrapper wtm-container-fluid wtm-team-manager-shortcode\">\n      <div class=\"dwl-team-wrapper--main wtm-row g-2 g-lg-3 dwl-team-layout-list dwl-team-image-style-boxed\">\n          \n          <div class=\"team-member-info-wrap m-0 p-2 wtm-col-12 team_groups-clenove-sboru team_groups-predstavenstvo-sboru post-299 page type-page status-publish hentry\">\n          <div class=\"wtm-row g-0 team-member-info-content\"> \n           <header class=\"wtm-col-12 wtm-col-lg-3 wtm-col-md-6\">\n                            <a href=\"https:\/\/www.obeczubri.cz\/hasici\/team-details\/martin-kostecky\/\">\n                            <img fetchpriority=\"high\" decoding=\"async\" width=\"300\" height=\"225\" src=\"https:\/\/www.obeczubri.cz\/hasici\/wp-content\/uploads\/2015\/08\/3yqbk8w5f3phhbv-300x225.jpg\" class=\"dwl-box-shadow\" alt=\"Martin Kosteck\u00fd, Hlavn\u00ed vedouc\u00ed mlad\u00fdch hasi\u010d\u016f\" loading=\"eager\" \/>                            <\/a>\n                          <\/header>\n          \n          <div class=\"team-member-desc wtm-col-12 wtm-col-lg-8 wtm-col-md-6\">\n            <h2 class=\"team-member-title\">Martin Kosteck\u00fd<\/h2>\n                          <h4 class=\"team-position\">Hlavn\u00ed vedouc\u00ed mlad\u00fdch hasi\u010d\u016f<\/h4>\n                        <div class=\"team-short-bio\">\n                            Ve sboru od roku: 2001                        <\/div>\n                                                                                             \n          <\/div>\n          <\/div>\n          <\/div>\n  \n          \n          <div class=\"team-member-info-wrap m-0 p-2 wtm-col-12 team_groups-clenove-sboru team_groups-predstavenstvo-sboru post-299 page type-page status-publish hentry\">\n          <div class=\"wtm-row g-0 team-member-info-content\"> \n           <header class=\"wtm-col-12 wtm-col-lg-3 wtm-col-md-6\">\n                            <a href=\"https:\/\/www.obeczubri.cz\/hasici\/team-details\/josef-jambor\/\">\n                            <img decoding=\"async\" width=\"300\" height=\"222\" src=\"https:\/\/www.obeczubri.cz\/hasici\/wp-content\/uploads\/2015\/08\/110108133214-pepa-300x222.jpg\" class=\"dwl-box-shadow\" alt=\"Josef Jambor, \u010clen revizn\u00ed komise\" loading=\"eager\" \/>                            <\/a>\n                          <\/header>\n          \n          <div class=\"team-member-desc wtm-col-12 wtm-col-lg-8 wtm-col-md-6\">\n            <h2 class=\"team-member-title\">Josef Jambor<\/h2>\n                          <h4 class=\"team-position\">\u010clen revizn\u00ed komise<\/h4>\n                        <div class=\"team-short-bio\">\n                            Ve sboru od roku: 1979                        <\/div>\n                                                                                             \n          <\/div>\n          <\/div>\n          <\/div>\n  \n          \n          <div class=\"team-member-info-wrap m-0 p-2 wtm-col-12 team_groups-clenove-sboru team_groups-predstavenstvo-sboru post-299 page type-page status-publish hentry\">\n          <div class=\"wtm-row g-0 team-member-info-content\"> \n           <header class=\"wtm-col-12 wtm-col-lg-3 wtm-col-md-6\">\n                            <a href=\"https:\/\/www.obeczubri.cz\/hasici\/team-details\/tomas-juranek\/\">\n                            <img decoding=\"async\" width=\"300\" height=\"216\" src=\"https:\/\/www.obeczubri.cz\/hasici\/wp-content\/uploads\/2015\/08\/j0sit2328quj35k-300x216.jpg\" class=\"dwl-box-shadow\" alt=\"Tom\u00e1\u0161 Jur\u00e1nek, M\u00edstostarosta\" loading=\"eager\" \/>                            <\/a>\n                          <\/header>\n          \n          <div class=\"team-member-desc wtm-col-12 wtm-col-lg-8 wtm-col-md-6\">\n            <h2 class=\"team-member-title\">Tom\u00e1\u0161 Jur\u00e1nek<\/h2>\n                          <h4 class=\"team-position\">M\u00edstostarosta<\/h4>\n                        <div class=\"team-short-bio\">\n                            Ve sboru od roku: 1998                        <\/div>\n                                                                                             \n          <\/div>\n          <\/div>\n          <\/div>\n  \n          \n          <div class=\"team-member-info-wrap m-0 p-2 wtm-col-12 team_groups-clenove-sboru team_groups-predstavenstvo-sboru post-299 page type-page status-publish hentry\">\n          <div class=\"wtm-row g-0 team-member-info-content\"> \n           <header class=\"wtm-col-12 wtm-col-lg-3 wtm-col-md-6\">\n                            <a href=\"https:\/\/www.obeczubri.cz\/hasici\/team-details\/marta-jurankova\/\">\n                            <img decoding=\"async\" src=\"https:\/\/www.obeczubri.cz\/hasici\/wp-content\/plugins\/wp-team-manager\/includes\/Classes\/assets\/images\/placeholder.png\" alt=\"Team member placeholder image\" class=\"dwl-box-shadow\" loading=\"eager\" \/>                            <\/a>\n                          <\/header>\n          \n          <div class=\"team-member-desc wtm-col-12 wtm-col-lg-8 wtm-col-md-6\">\n            <h2 class=\"team-member-title\">Marta Jur\u00e1nkov\u00e1<\/h2>\n                          <h4 class=\"team-position\">Jednatel sboru<\/h4>\n                        <div class=\"team-short-bio\">\n                            Ve sboru od roku: 1985                        <\/div>\n                                                                                             \n          <\/div>\n          <\/div>\n          <\/div>\n  \n          \n          <div class=\"team-member-info-wrap m-0 p-2 wtm-col-12 team_groups-clenove-sboru team_groups-predstavenstvo-sboru post-299 page type-page status-publish hentry\">\n          <div class=\"wtm-row g-0 team-member-info-content\"> \n           <header class=\"wtm-col-12 wtm-col-lg-3 wtm-col-md-6\">\n                            <a href=\"https:\/\/www.obeczubri.cz\/hasici\/team-details\/zdenek-skalnik\/\">\n                            <img decoding=\"async\" width=\"300\" height=\"213\" src=\"https:\/\/www.obeczubri.cz\/hasici\/wp-content\/uploads\/2015\/08\/0jkx173jq82byy6-300x213.jpg\" class=\"dwl-box-shadow\" alt=\"Zden\u011bk Skaln\u00edk, Kulturn\u00ed referent\" loading=\"eager\" \/>                            <\/a>\n                          <\/header>\n          \n          <div class=\"team-member-desc wtm-col-12 wtm-col-lg-8 wtm-col-md-6\">\n            <h2 class=\"team-member-title\">Zden\u011bk Skaln\u00edk<\/h2>\n                          <h4 class=\"team-position\">Kulturn\u00ed referent<\/h4>\n                        <div class=\"team-short-bio\">\n                            Ve sboru od roku: 2001                        <\/div>\n                                                                                             \n          <\/div>\n          <\/div>\n          <\/div>\n  \n          \n          <div class=\"team-member-info-wrap m-0 p-2 wtm-col-12 team_groups-clenove-sboru team_groups-predstavenstvo-sboru post-299 page type-page status-publish hentry\">\n          <div class=\"wtm-row g-0 team-member-info-content\"> \n           <header class=\"wtm-col-12 wtm-col-lg-3 wtm-col-md-6\">\n                            <a href=\"https:\/\/www.obeczubri.cz\/hasici\/team-details\/pavel-havlicek\/\">\n                            <img decoding=\"async\" width=\"300\" height=\"184\" src=\"https:\/\/www.obeczubri.cz\/hasici\/wp-content\/uploads\/2015\/08\/i4ho12ol7qy9cly-300x184.jpg\" class=\"dwl-box-shadow\" alt=\"Pavel Havl\u00ed\u010dek, Pokladn\u00edk\" loading=\"eager\" \/>                            <\/a>\n                          <\/header>\n          \n          <div class=\"team-member-desc wtm-col-12 wtm-col-lg-8 wtm-col-md-6\">\n            <h2 class=\"team-member-title\">Pavel Havl\u00ed\u010dek<\/h2>\n                          <h4 class=\"team-position\">Pokladn\u00edk<\/h4>\n                        <div class=\"team-short-bio\">\n                            Ve sboru od roku: 1998                        <\/div>\n                                                                                             \n          <\/div>\n          <\/div>\n          <\/div>\n  \n          \n          <div class=\"team-member-info-wrap m-0 p-2 wtm-col-12 team_groups-clenove-sboru team_groups-predstavenstvo-sboru post-299 page type-page status-publish hentry\">\n          <div class=\"wtm-row g-0 team-member-info-content\"> \n           <header class=\"wtm-col-12 wtm-col-lg-3 wtm-col-md-6\">\n                            <a href=\"https:\/\/www.obeczubri.cz\/hasici\/team-details\/pavel-jambor\/\">\n                            <img decoding=\"async\" width=\"300\" height=\"195\" src=\"https:\/\/www.obeczubri.cz\/hasici\/wp-content\/uploads\/2015\/08\/110108133259-pavel-jambor-300x195.jpg\" class=\"dwl-box-shadow\" alt=\"Pavel Jambor, Starosta sboru\" loading=\"eager\" \/>                            <\/a>\n                          <\/header>\n          \n          <div class=\"team-member-desc wtm-col-12 wtm-col-lg-8 wtm-col-md-6\">\n            <h2 class=\"team-member-title\">Pavel Jambor<\/h2>\n                          <h4 class=\"team-position\">Starosta sboru<\/h4>\n                        <div class=\"team-short-bio\">\n                            Ve sboru od roku: 1989                        <\/div>\n                                                                                             \n          <\/div>\n          <\/div>\n          <\/div>\n  \n          \n          <div class=\"team-member-info-wrap m-0 p-2 wtm-col-12 team_groups-clenove-sboru team_groups-predstavenstvo-sboru post-299 page type-page status-publish hentry\">\n          <div class=\"wtm-row g-0 team-member-info-content\"> \n           <header class=\"wtm-col-12 wtm-col-lg-3 wtm-col-md-6\">\n                            <a href=\"https:\/\/www.obeczubri.cz\/hasici\/team-details\/zdenka-novotna\/\">\n                            <img decoding=\"async\" width=\"300\" height=\"193\" src=\"https:\/\/www.obeczubri.cz\/hasici\/wp-content\/uploads\/2015\/08\/lv23jqcxscjumnq-300x193.jpg\" class=\"dwl-box-shadow\" alt=\"Zdenka Novotn\u00e1, Referentka \u017een\" loading=\"eager\" \/>                            <\/a>\n                          <\/header>\n          \n          <div class=\"team-member-desc wtm-col-12 wtm-col-lg-8 wtm-col-md-6\">\n            <h2 class=\"team-member-title\">Zdenka Novotn\u00e1<\/h2>\n                          <h4 class=\"team-position\">Referentka \u017een<\/h4>\n                        <div class=\"team-short-bio\">\n                            Ve sboru od roku: 2010                        <\/div>\n                                                                                             \n          <\/div>\n          <\/div>\n          <\/div>\n  \n          \n          <div class=\"team-member-info-wrap m-0 p-2 wtm-col-12 team_groups-clenove-sboru team_groups-predstavenstvo-sboru post-299 page type-page status-publish hentry\">\n          <div class=\"wtm-row g-0 team-member-info-content\"> \n           <header class=\"wtm-col-12 wtm-col-lg-3 wtm-col-md-6\">\n                            <a href=\"https:\/\/www.obeczubri.cz\/hasici\/team-details\/jan-lukes\/\">\n                            <img decoding=\"async\" width=\"300\" height=\"232\" src=\"https:\/\/www.obeczubri.cz\/hasici\/wp-content\/uploads\/2015\/08\/110108134634-honza-300x232.jpg\" class=\"dwl-box-shadow\" alt=\"Jan Luke\u0161, Velitel sboru\" loading=\"eager\" \/>                            <\/a>\n                          <\/header>\n          \n          <div class=\"team-member-desc wtm-col-12 wtm-col-lg-8 wtm-col-md-6\">\n            <h2 class=\"team-member-title\">Jan Luke\u0161<\/h2>\n                          <h4 class=\"team-position\">Velitel sboru<\/h4>\n                        <div class=\"team-short-bio\">\n                            Ve sboru od roku: 2001                        <\/div>\n                                                                                             \n          <\/div>\n          <\/div>\n          <\/div>\n  \n                <\/div>\n  <\/div>\n\n  \n","protected":false},"excerpt":{"rendered":"","protected":false},"author":1,"featured_media":0,"parent":0,"menu_order":0,"comment_status":"closed","ping_status":"closed","template":"","meta":{"jetpack_post_was_ever_published":false,"footnotes":""},"class_list":["post-299","page","type-page","status-publish","hentry"],"jetpack_sharing_enabled":true,"jetpack_shortlink":"https:\/\/wp.me\/P91NNl-4P","_links":{"self":[{"href":"https:\/\/www.obeczubri.cz\/hasici\/wp-json\/wp\/v2\/pages\/299"}],"collection":[{"href":"https:\/\/www.obeczubri.cz\/hasici\/wp-json\/wp\/v2\/pages"}],"about":[{"href":"https:\/\/www.obeczubri.cz\/hasici\/wp-json\/wp\/v2\/types\/page"}],"author":[{"embeddable":true,"href":"https:\/\/www.obeczubri.cz\/hasici\/wp-json\/wp\/v2\/users\/1"}],"replies":[{"embeddable":true,"href":"https:\/\/www.obeczubri.cz\/hasici\/wp-json\/wp\/v2\/comments?post=299"}],"version-history":[{"count":10,"href":"https:\/\/www.obeczubri.cz\/hasici\/wp-json\/wp\/v2\/pages\/299\/revisions"}],"predecessor-version":[{"id":2644,"href":"https:\/\/www.obeczubri.cz\/hasici\/wp-json\/wp\/v2\/pages\/299\/revisions\/2644"}],"wp:attachment":[{"href":"https:\/\/www.obeczubri.cz\/hasici\/wp-json\/wp\/v2\/media?parent=299"}],"curies":[{"name":"wp","href":"https:\/\/api.w.org\/{rel}","templated":true}]}}