{"id":2725,"date":"2020-03-13T20:51:02","date_gmt":"2020-03-13T18:51:02","guid":{"rendered":"http:\/\/www.obeczubri.cz\/hasici\/?page_id=2725"},"modified":"2020-03-13T20:51:55","modified_gmt":"2020-03-13T18:51:55","slug":"byvali-clenove-sboru","status":"publish","type":"page","link":"https:\/\/www.obeczubri.cz\/hasici\/byvali-clenove-sboru\/","title":{"rendered":"B\u00fdval\u00ed \u010dlenov\u00e9 sboru"},"content":{"rendered":"  <style>\n            #dwl-team-wrapper-69eb942b6ef4b .team-member-socials a {\n          background-color: #4258d6;\n      }\n      #dwl-team-wrapper-69eb942b6ef4b .team-member-other-info .fas {\n          color: #4258d6;\n      }\n      \n        <\/style>\n\n  <div id=\"dwl-team-wrapper-69eb942b6ef4b\" class=\"dwl-team-wrapper wtm-container-fluid wtm-team-manager-shortcode\">\n      <div class=\"dwl-team-wrapper--main wtm-row g-2 g-lg-3 dwl-team-layout-grid dwl-team-image-style-boxed\">\n                  <div class=\"team-member-info-wrap m-0 p-2 wtm-col-lg-6 wtm-col-md-6 wtm-col-12 team_groups-byvali-clenove-sboru post-2725 page type-page status-publish hentry\" role=\"listitem\" aria-label=\"Team member: Ad\u00e9la D\u00edt\u011btov\u00e1\">\n  \n              <div class=\"team-member-info-content\"> \n        <header>\n                            <a href=\"https:\/\/www.obeczubri.cz\/hasici\/team-details\/adela-ditetova\/\">\n                                <img fetchpriority=\"high\" decoding=\"async\" width=\"300\" height=\"234\" src=\"https:\/\/www.obeczubri.cz\/hasici\/wp-content\/uploads\/2015\/08\/8u1cuj57wqjf3g9-300x234.jpg\" class=\"dwl-box-shadow\" alt=\"Photo of Ad\u00e9la D\u00edt\u011btov\u00e1\" loading=\"eager\" \/>                                <\/a>\n                    <\/header>\n        <div class=\"team-member-desc\">\n\n            <h2 class=\"team-member-title\">Ad\u00e9la D\u00edt\u011btov\u00e1<\/h2>\n\n            \n            <div class=\"team-short-bio\">\n                                        Ve sboru od roku: 2010                            <\/div>\n\n                                        \n                                        \n                            \n        <\/div>\n    <\/div>\n        <\/div>\n\t            <div class=\"team-member-info-wrap m-0 p-2 wtm-col-lg-6 wtm-col-md-6 wtm-col-12 team_groups-byvali-clenove-sboru post-2725 page type-page status-publish hentry\" role=\"listitem\" aria-label=\"Team member: Ad\u00e9la Humpol\u00ed\u010dkov\u00e1\">\n  \n              <div class=\"team-member-info-content\"> \n        <header>\n                            <a href=\"https:\/\/www.obeczubri.cz\/hasici\/team-details\/adela-humpolickova\/\">\n                                <img decoding=\"async\" width=\"300\" height=\"225\" src=\"https:\/\/www.obeczubri.cz\/hasici\/wp-content\/uploads\/2015\/08\/ge319bkv9r2880b-300x225.jpg\" class=\"dwl-box-shadow\" alt=\"Photo of Ad\u00e9la Humpol\u00ed\u010dkov\u00e1\" loading=\"eager\" \/>                                <\/a>\n                    <\/header>\n        <div class=\"team-member-desc\">\n\n            <h2 class=\"team-member-title\">Ad\u00e9la Humpol\u00ed\u010dkov\u00e1<\/h2>\n\n            \n            <div class=\"team-short-bio\">\n                                                                    <\/div>\n\n                                        \n                                        \n                            \n        <\/div>\n    <\/div>\n        <\/div>\n\t            <div class=\"team-member-info-wrap m-0 p-2 wtm-col-lg-6 wtm-col-md-6 wtm-col-12 team_groups-byvali-clenove-sboru post-2725 page type-page status-publish hentry\" role=\"listitem\" aria-label=\"Team member: Ad\u00e9la Novotn\u00e1\">\n  \n              <div class=\"team-member-info-content\"> \n        <header>\n                            <a href=\"https:\/\/www.obeczubri.cz\/hasici\/team-details\/adela-novotna\/\">\n                                <img decoding=\"async\" width=\"225\" height=\"300\" src=\"https:\/\/www.obeczubri.cz\/hasici\/wp-content\/uploads\/2019\/12\/Novotn\u00e1-Ad\u00e9la-225x300.jpg\" class=\"dwl-box-shadow\" alt=\"Photo of Ad\u00e9la Novotn\u00e1\" loading=\"eager\" \/>                                <\/a>\n                    <\/header>\n        <div class=\"team-member-desc\">\n\n            <h2 class=\"team-member-title\">Ad\u00e9la Novotn\u00e1<\/h2>\n\n            \n            <div class=\"team-short-bio\">\n                                                                    <\/div>\n\n                                        \n                                        \n                            \n        <\/div>\n    <\/div>\n        <\/div>\n\t            <div class=\"team-member-info-wrap m-0 p-2 wtm-col-lg-6 wtm-col-md-6 wtm-col-12 team_groups-byvali-clenove-sboru post-2725 page type-page status-publish hentry\" role=\"listitem\" aria-label=\"Team member: Ane\u017eka Jinkov\u00e1\">\n  \n              <div class=\"team-member-info-content\"> \n        <header>\n                            <a href=\"https:\/\/www.obeczubri.cz\/hasici\/team-details\/anezka-jinkova\/\">\n                                <img decoding=\"async\" src=\"https:\/\/www.obeczubri.cz\/hasici\/wp-content\/plugins\/wp-team-manager\/includes\/Classes\/assets\/images\/placeholder.png\" alt=\"Team member placeholder image\" class=\"dwl-box-shadow\" loading=\"eager\" \/>                                <\/a>\n                    <\/header>\n        <div class=\"team-member-desc\">\n\n            <h2 class=\"team-member-title\">Ane\u017eka Jinkov\u00e1<\/h2>\n\n            \n            <div class=\"team-short-bio\">\n                                        Ve sboru od roku: 2010                            <\/div>\n\n                                        \n                                        \n                            \n        <\/div>\n    <\/div>\n        <\/div>\n\t            <div class=\"team-member-info-wrap m-0 p-2 wtm-col-lg-6 wtm-col-md-6 wtm-col-12 team_groups-byvali-clenove-sboru post-2725 page type-page status-publish hentry\" role=\"listitem\" aria-label=\"Team member: Anton\u00edn Jinek\">\n  \n              <div class=\"team-member-info-content\"> \n        <header>\n                            <a href=\"https:\/\/www.obeczubri.cz\/hasici\/team-details\/antonin-jinek-2\/\">\n                                <img decoding=\"async\" width=\"300\" height=\"182\" src=\"https:\/\/www.obeczubri.cz\/hasici\/wp-content\/uploads\/2015\/08\/110108133734-tonda-jinek-300x182.jpg\" class=\"dwl-box-shadow\" alt=\"Photo of Anton\u00edn Jinek\" loading=\"eager\" \/>                                <\/a>\n                    <\/header>\n        <div class=\"team-member-desc\">\n\n            <h2 class=\"team-member-title\">Anton\u00edn Jinek<\/h2>\n\n            \n            <div class=\"team-short-bio\">\n                                        Ve sboru od roku: 2010                            <\/div>\n\n                                        \n                                        \n                            \n        <\/div>\n    <\/div>\n        <\/div>\n\t            <div class=\"team-member-info-wrap m-0 p-2 wtm-col-lg-6 wtm-col-md-6 wtm-col-12 team_groups-byvali-clenove-sboru post-2725 page type-page status-publish hentry\" role=\"listitem\" aria-label=\"Team member: Dana Havl\u00ed\u010dkov\u00e1\">\n  \n              <div class=\"team-member-info-content\"> \n        <header>\n                            <a href=\"https:\/\/www.obeczubri.cz\/hasici\/team-details\/dana-havlickova\/\">\n                                <img decoding=\"async\" src=\"https:\/\/www.obeczubri.cz\/hasici\/wp-content\/plugins\/wp-team-manager\/includes\/Classes\/assets\/images\/placeholder.png\" alt=\"Team member placeholder image\" class=\"dwl-box-shadow\" loading=\"eager\" \/>                                <\/a>\n                    <\/header>\n        <div class=\"team-member-desc\">\n\n            <h2 class=\"team-member-title\">Dana Havl\u00ed\u010dkov\u00e1<\/h2>\n\n            \n            <div class=\"team-short-bio\">\n                                        Ve sboru od roku: 2011                            <\/div>\n\n                                        \n                                        \n                            \n        <\/div>\n    <\/div>\n        <\/div>\n\t            <div class=\"team-member-info-wrap m-0 p-2 wtm-col-lg-6 wtm-col-md-6 wtm-col-12 team_groups-byvali-clenove-sboru post-2725 page type-page status-publish hentry\" role=\"listitem\" aria-label=\"Team member: Daniela Svobodov\u00e1\">\n  \n              <div class=\"team-member-info-content\"> \n        <header>\n                            <a href=\"https:\/\/www.obeczubri.cz\/hasici\/team-details\/daniela-svobodova\/\">\n                                <img decoding=\"async\" src=\"https:\/\/www.obeczubri.cz\/hasici\/wp-content\/plugins\/wp-team-manager\/includes\/Classes\/assets\/images\/placeholder.png\" alt=\"Team member placeholder image\" class=\"dwl-box-shadow\" loading=\"eager\" \/>                                <\/a>\n                    <\/header>\n        <div class=\"team-member-desc\">\n\n            <h2 class=\"team-member-title\">Daniela Svobodov\u00e1<\/h2>\n\n            \n            <div class=\"team-short-bio\">\n                                                                    <\/div>\n\n                                        \n                                        \n                            \n        <\/div>\n    <\/div>\n        <\/div>\n\t            <div class=\"team-member-info-wrap m-0 p-2 wtm-col-lg-6 wtm-col-md-6 wtm-col-12 team_groups-byvali-clenove-sboru post-2725 page type-page status-publish hentry\" role=\"listitem\" aria-label=\"Team member: David D\u00edt\u011b\">\n  \n              <div class=\"team-member-info-content\"> \n        <header>\n                            <a href=\"https:\/\/www.obeczubri.cz\/hasici\/team-details\/david-dite\/\">\n                                <img decoding=\"async\" width=\"198\" height=\"230\" src=\"https:\/\/www.obeczubri.cz\/hasici\/wp-content\/uploads\/2015\/08\/101118161727-david.jpg\" class=\"dwl-box-shadow\" alt=\"Photo of David D\u00edt\u011b\" loading=\"eager\" \/>                                <\/a>\n                    <\/header>\n        <div class=\"team-member-desc\">\n\n            <h2 class=\"team-member-title\">David D\u00edt\u011b<\/h2>\n\n            \n            <div class=\"team-short-bio\">\n                                                                    <\/div>\n\n                                        \n                                        \n                            \n        <\/div>\n    <\/div>\n        <\/div>\n\t            <div class=\"team-member-info-wrap m-0 p-2 wtm-col-lg-6 wtm-col-md-6 wtm-col-12 team_groups-byvali-clenove-sboru post-2725 page type-page status-publish hentry\" role=\"listitem\" aria-label=\"Team member: Franti\u0161ek \u017d\u00e1k\">\n  \n              <div class=\"team-member-info-content\"> \n        <header>\n                            <a href=\"https:\/\/www.obeczubri.cz\/hasici\/team-details\/frantisek-zak\/\">\n                                <img decoding=\"async\" src=\"https:\/\/www.obeczubri.cz\/hasici\/wp-content\/plugins\/wp-team-manager\/includes\/Classes\/assets\/images\/placeholder.png\" alt=\"Team member placeholder image\" class=\"dwl-box-shadow\" loading=\"eager\" \/>                                <\/a>\n                    <\/header>\n        <div class=\"team-member-desc\">\n\n            <h2 class=\"team-member-title\">Franti\u0161ek \u017d\u00e1k<\/h2>\n\n            \n            <div class=\"team-short-bio\">\n                                        Ve sboru od roku: 1970                            <\/div>\n\n                                        \n                                        \n                            \n        <\/div>\n    <\/div>\n        <\/div>\n\t            <div class=\"team-member-info-wrap m-0 p-2 wtm-col-lg-6 wtm-col-md-6 wtm-col-12 team_groups-byvali-clenove-sboru post-2725 page type-page status-publish hentry\" role=\"listitem\" aria-label=\"Team member: Hana Jinkov\u00e1\">\n  \n              <div class=\"team-member-info-content\"> \n        <header>\n                            <a href=\"https:\/\/www.obeczubri.cz\/hasici\/team-details\/hana-jinkova\/\">\n                                <img decoding=\"async\" width=\"300\" height=\"213\" src=\"https:\/\/www.obeczubri.cz\/hasici\/wp-content\/uploads\/2015\/08\/110108133824-hana-300x213.jpg\" class=\"dwl-box-shadow\" alt=\"Hana Jinkov\u00e1, \u010clen revizn\u00ed komise\" loading=\"eager\" \/>                                <\/a>\n                    <\/header>\n        <div class=\"team-member-desc\">\n\n            <h2 class=\"team-member-title\">Hana Jinkov\u00e1<\/h2>\n\n                            <h4 class=\"team-position\">\u010clen revizn\u00ed komise<\/h4>\n            \n            <div class=\"team-short-bio\">\n                                        Ve sboru od roku: 2004                            <\/div>\n\n                                        \n                                        \n                            \n        <\/div>\n    <\/div>\n        <\/div>\n\t            <div class=\"team-member-info-wrap m-0 p-2 wtm-col-lg-6 wtm-col-md-6 wtm-col-12 team_groups-byvali-clenove-sboru post-2725 page type-page status-publish hentry\" role=\"listitem\" aria-label=\"Team member: Jolana Proch\u00e1zkov\u00e1\">\n  \n              <div class=\"team-member-info-content\"> \n        <header>\n                            <a href=\"https:\/\/www.obeczubri.cz\/hasici\/team-details\/jolana-prochazkova\/\">\n                                <img decoding=\"async\" width=\"201\" height=\"268\" src=\"https:\/\/www.obeczubri.cz\/hasici\/wp-content\/uploads\/2015\/08\/101118162239-jolana.jpg\" class=\"dwl-box-shadow\" alt=\"Photo of Jolana Proch\u00e1zkov\u00e1\" loading=\"eager\" \/>                                <\/a>\n                    <\/header>\n        <div class=\"team-member-desc\">\n\n            <h2 class=\"team-member-title\">Jolana Proch\u00e1zkov\u00e1<\/h2>\n\n            \n            <div class=\"team-short-bio\">\n                                        Ve sboru od roku: 2010                            <\/div>\n\n                                        \n                                        \n                            \n        <\/div>\n    <\/div>\n        <\/div>\n\t            <div class=\"team-member-info-wrap m-0 p-2 wtm-col-lg-6 wtm-col-md-6 wtm-col-12 team_groups-byvali-clenove-sboru post-2725 page type-page status-publish hentry\" role=\"listitem\" aria-label=\"Team member: Josef Kosteck\u00fd\">\n  \n              <div class=\"team-member-info-content\"> \n        <header>\n                            <a href=\"https:\/\/www.obeczubri.cz\/hasici\/team-details\/josef-kostecky\/\">\n                                <img decoding=\"async\" width=\"300\" height=\"188\" src=\"https:\/\/www.obeczubri.cz\/hasici\/wp-content\/uploads\/2015\/08\/ufda7weo6dkw748-300x188.jpg\" class=\"dwl-box-shadow\" alt=\"Photo of Josef Kosteck\u00fd\" loading=\"eager\" \/>                                <\/a>\n                    <\/header>\n        <div class=\"team-member-desc\">\n\n            <h2 class=\"team-member-title\">Josef Kosteck\u00fd<\/h2>\n\n            \n            <div class=\"team-short-bio\">\n                                        Ve sboru od roku: 1998                            <\/div>\n\n                                        \n                                        \n                            \n        <\/div>\n    <\/div>\n        <\/div>\n\t            <div class=\"team-member-info-wrap m-0 p-2 wtm-col-lg-6 wtm-col-md-6 wtm-col-12 team_groups-byvali-clenove-sboru post-2725 page type-page status-publish hentry\" role=\"listitem\" aria-label=\"Team member: Kate\u0159ina Havl\u00ed\u010dkov\u00e1\">\n  \n              <div class=\"team-member-info-content\"> \n        <header>\n                            <a href=\"https:\/\/www.obeczubri.cz\/hasici\/team-details\/katerina-havlickova\/\">\n                                <img decoding=\"async\" width=\"225\" height=\"300\" src=\"https:\/\/www.obeczubri.cz\/hasici\/wp-content\/uploads\/2019\/12\/Havl\u00ed\u010dkov\u00e1-Kate\u0159ina-225x300.jpg\" class=\"dwl-box-shadow\" alt=\"Photo of Kate\u0159ina Havl\u00ed\u010dkov\u00e1\" loading=\"eager\" \/>                                <\/a>\n                    <\/header>\n        <div class=\"team-member-desc\">\n\n            <h2 class=\"team-member-title\">Kate\u0159ina Havl\u00ed\u010dkov\u00e1<\/h2>\n\n            \n            <div class=\"team-short-bio\">\n                                                                    <\/div>\n\n                                        \n                                        \n                            \n        <\/div>\n    <\/div>\n        <\/div>\n\t            <div class=\"team-member-info-wrap m-0 p-2 wtm-col-lg-6 wtm-col-md-6 wtm-col-12 team_groups-byvali-clenove-sboru post-2725 page type-page status-publish hentry\" role=\"listitem\" aria-label=\"Team member: Ladislav Filipi\">\n  \n              <div class=\"team-member-info-content\"> \n        <header>\n                            <a href=\"https:\/\/www.obeczubri.cz\/hasici\/team-details\/ladislav-filipi\/\">\n                                <img decoding=\"async\" width=\"300\" height=\"176\" src=\"https:\/\/www.obeczubri.cz\/hasici\/wp-content\/uploads\/2015\/08\/110108141639-1-300x176.jpg\" class=\"dwl-box-shadow\" alt=\"Photo of Ladislav Filipi\" loading=\"eager\" \/>                                <\/a>\n                    <\/header>\n        <div class=\"team-member-desc\">\n\n            <h2 class=\"team-member-title\">Ladislav Filipi<\/h2>\n\n            \n            <div class=\"team-short-bio\">\n                                        Ve sboru od roku: 2000                            <\/div>\n\n                                        \n                                        \n                            \n        <\/div>\n    <\/div>\n        <\/div>\n\t            <div class=\"team-member-info-wrap m-0 p-2 wtm-col-lg-6 wtm-col-md-6 wtm-col-12 team_groups-byvali-clenove-sboru post-2725 page type-page status-publish hentry\" role=\"listitem\" aria-label=\"Team member: Martin Jinek\">\n  \n              <div class=\"team-member-info-content\"> \n        <header>\n                            <a href=\"https:\/\/www.obeczubri.cz\/hasici\/team-details\/martin-jinek\/\">\n                                <img decoding=\"async\" src=\"https:\/\/www.obeczubri.cz\/hasici\/wp-content\/plugins\/wp-team-manager\/includes\/Classes\/assets\/images\/placeholder.png\" alt=\"Team member placeholder image\" class=\"dwl-box-shadow\" loading=\"eager\" \/>                                <\/a>\n                    <\/header>\n        <div class=\"team-member-desc\">\n\n            <h2 class=\"team-member-title\">Martin Jinek<\/h2>\n\n            \n            <div class=\"team-short-bio\">\n                                        Ve sboru od roku: 2010                            <\/div>\n\n                                        \n                                        \n                            \n        <\/div>\n    <\/div>\n        <\/div>\n\t            <div class=\"team-member-info-wrap m-0 p-2 wtm-col-lg-6 wtm-col-md-6 wtm-col-12 team_groups-byvali-clenove-sboru post-2725 page type-page status-publish hentry\" role=\"listitem\" aria-label=\"Team member: Michaela Jinkov\u00e1\">\n  \n              <div class=\"team-member-info-content\"> \n        <header>\n                            <a href=\"https:\/\/www.obeczubri.cz\/hasici\/team-details\/michaela-jinkova\/\">\n                                <img decoding=\"async\" width=\"300\" height=\"225\" src=\"https:\/\/www.obeczubri.cz\/hasici\/wp-content\/uploads\/2015\/08\/czp6ro82sp455j0-300x225.jpg\" class=\"dwl-box-shadow\" alt=\"Photo of Michaela Jinkov\u00e1\" loading=\"eager\" \/>                                <\/a>\n                    <\/header>\n        <div class=\"team-member-desc\">\n\n            <h2 class=\"team-member-title\">Michaela Jinkov\u00e1<\/h2>\n\n            \n            <div class=\"team-short-bio\">\n                                        Ve sboru od roku: 2010                            <\/div>\n\n                                        \n                                        \n                            \n        <\/div>\n    <\/div>\n        <\/div>\n\t            <div class=\"team-member-info-wrap m-0 p-2 wtm-col-lg-6 wtm-col-md-6 wtm-col-12 team_groups-byvali-clenove-sboru post-2725 page type-page status-publish hentry\" role=\"listitem\" aria-label=\"Team member: Nela Machov\u00e1\">\n  \n              <div class=\"team-member-info-content\"> \n        <header>\n                            <a href=\"https:\/\/www.obeczubri.cz\/hasici\/team-details\/nela-machova\/\">\n                                <img decoding=\"async\" width=\"300\" height=\"225\" src=\"https:\/\/www.obeczubri.cz\/hasici\/wp-content\/uploads\/2015\/08\/zbzihpcwldl53du-300x225.jpg\" class=\"dwl-box-shadow\" alt=\"Photo of Nela Machov\u00e1\" loading=\"eager\" \/>                                <\/a>\n                    <\/header>\n        <div class=\"team-member-desc\">\n\n            <h2 class=\"team-member-title\">Nela Machov\u00e1<\/h2>\n\n            \n            <div class=\"team-short-bio\">\n                                        Ve sboru od roku: 2011                            <\/div>\n\n                                        \n                                        \n                            \n        <\/div>\n    <\/div>\n        <\/div>\n\t            <div class=\"team-member-info-wrap m-0 p-2 wtm-col-lg-6 wtm-col-md-6 wtm-col-12 team_groups-byvali-clenove-sboru post-2725 page type-page status-publish hentry\" role=\"listitem\" aria-label=\"Team member: Pavel Jan\u016f\">\n  \n              <div class=\"team-member-info-content\"> \n        <header>\n                            <a href=\"https:\/\/www.obeczubri.cz\/hasici\/team-details\/pavel-janu\/\">\n                                <img decoding=\"async\" width=\"297\" height=\"300\" src=\"https:\/\/www.obeczubri.cz\/hasici\/wp-content\/uploads\/2015\/08\/ng3z0ln4t1zkxqg-297x300.jpg\" class=\"dwl-box-shadow\" alt=\"Photo of Pavel Jan\u016f\" loading=\"eager\" \/>                                <\/a>\n                    <\/header>\n        <div class=\"team-member-desc\">\n\n            <h2 class=\"team-member-title\">Pavel Jan\u016f<\/h2>\n\n            \n            <div class=\"team-short-bio\">\n                                        Ve sboru od roku: 2010                            <\/div>\n\n                                        \n                                        \n                            \n        <\/div>\n    <\/div>\n        <\/div>\n\t            <div class=\"team-member-info-wrap m-0 p-2 wtm-col-lg-6 wtm-col-md-6 wtm-col-12 team_groups-byvali-clenove-sboru post-2725 page type-page status-publish hentry\" role=\"listitem\" aria-label=\"Team member: Radek \u017d\u00e1k\">\n  \n              <div class=\"team-member-info-content\"> \n        <header>\n                            <a href=\"https:\/\/www.obeczubri.cz\/hasici\/team-details\/radek-zak\/\">\n                                <img decoding=\"async\" width=\"225\" height=\"300\" src=\"https:\/\/www.obeczubri.cz\/hasici\/wp-content\/uploads\/2019\/12\/\u017d\u00e1k-Radek-225x300.jpg\" class=\"dwl-box-shadow\" alt=\"Photo of Radek \u017d\u00e1k\" loading=\"eager\" \/>                                <\/a>\n                    <\/header>\n        <div class=\"team-member-desc\">\n\n            <h2 class=\"team-member-title\">Radek \u017d\u00e1k<\/h2>\n\n            \n            <div class=\"team-short-bio\">\n                                        Ve sboru od roku: 2011                            <\/div>\n\n                                        \n                                        \n                            \n        <\/div>\n    <\/div>\n        <\/div>\n\t            <div class=\"team-member-info-wrap m-0 p-2 wtm-col-lg-6 wtm-col-md-6 wtm-col-12 team_groups-byvali-clenove-sboru post-2725 page type-page status-publish hentry\" role=\"listitem\" aria-label=\"Team member: \u0160\u00e1rka Jinkov\u00e1\">\n  \n              <div class=\"team-member-info-content\"> \n        <header>\n                            <a href=\"https:\/\/www.obeczubri.cz\/hasici\/team-details\/sarka-jinkova\/\">\n                                <img decoding=\"async\" width=\"300\" height=\"207\" src=\"https:\/\/www.obeczubri.cz\/hasici\/wp-content\/uploads\/2015\/08\/hrf47xbmyj6g60k-300x207.jpg\" class=\"dwl-box-shadow\" alt=\"Photo of \u0160\u00e1rka Jinkov\u00e1\" loading=\"eager\" \/>                                <\/a>\n                    <\/header>\n        <div class=\"team-member-desc\">\n\n            <h2 class=\"team-member-title\">\u0160\u00e1rka Jinkov\u00e1<\/h2>\n\n            \n            <div class=\"team-short-bio\">\n                                        Ve sboru od roku: 2010                            <\/div>\n\n                                        \n                                        \n                            \n        <\/div>\n    <\/div>\n        <\/div>\n\t          <\/div>\n  <\/div>\n\n  \n","protected":false},"excerpt":{"rendered":"","protected":false},"author":1,"featured_media":0,"parent":0,"menu_order":0,"comment_status":"closed","ping_status":"closed","template":"","meta":{"jetpack_post_was_ever_published":false,"footnotes":""},"class_list":["post-2725","page","type-page","status-publish","hentry"],"jetpack_sharing_enabled":true,"jetpack_shortlink":"https:\/\/wp.me\/P91NNl-HX","_links":{"self":[{"href":"https:\/\/www.obeczubri.cz\/hasici\/wp-json\/wp\/v2\/pages\/2725"}],"collection":[{"href":"https:\/\/www.obeczubri.cz\/hasici\/wp-json\/wp\/v2\/pages"}],"about":[{"href":"https:\/\/www.obeczubri.cz\/hasici\/wp-json\/wp\/v2\/types\/page"}],"author":[{"embeddable":true,"href":"https:\/\/www.obeczubri.cz\/hasici\/wp-json\/wp\/v2\/users\/1"}],"replies":[{"embeddable":true,"href":"https:\/\/www.obeczubri.cz\/hasici\/wp-json\/wp\/v2\/comments?post=2725"}],"version-history":[{"count":2,"href":"https:\/\/www.obeczubri.cz\/hasici\/wp-json\/wp\/v2\/pages\/2725\/revisions"}],"predecessor-version":[{"id":2727,"href":"https:\/\/www.obeczubri.cz\/hasici\/wp-json\/wp\/v2\/pages\/2725\/revisions\/2727"}],"wp:attachment":[{"href":"https:\/\/www.obeczubri.cz\/hasici\/wp-json\/wp\/v2\/media?parent=2725"}],"curies":[{"name":"wp","href":"https:\/\/api.w.org\/{rel}","templated":true}]}}